, what is 1e - 1b606?
-1b5d7
In base 4, what is 110001 + 12?
110013
In base 8, what is 5565016764 - 0?
5565016764
In base 3, what is 200000000121 - -1100022?
200001100220
In base 12, what is 7bab + 2b?
801a
In base 4, what is -330 - -12013220321?
12013213331
In base 6, what is -1521124514 + -12?
-1521124530
In base 12, what is -146576 - -14?
-146562
In base 12, what is -246ab - -40b?
-242a0
In base 11, what is 3 - 3413a37?
-3413a34
In base 3, what is 120102221012220 + 12?
120102221020002
In base 12, what is -4500b - -94?
-44b37
In base 6, what is 10225 + 2440135?
2450404
In base 12, what is 188 + -29334?
-29168
In base 16, what is 1814d5c + 13?
1814d6f
In base 3, what is -211220110 + 11201011?
-200012022
In base 14, what is -15 + 3150a?
314d5
In base 4, what is -30 - -303123003?
303122313
In base 8, what is -7424004 + 12?
-7423772
In base 9, what is -618 + -1212870?
-1213588
In base 8, what is 2 + -603352256?
-603352254
In base 5, what is 13141 - 213001?
-144310
In base 8, what is 21 - 2157463?
-2157442
In base 3, what is -1120202110102221 - 0?
-1120202110102221
In base 7, what is -265352551 + -1?
-265352552
In base 2, what is -1001101011111011111 + 1111?
-1001101011111010000
In base 3, what is 11 - -10010122100122?
10010122100210
In base 8, what is -122154777 - 7?
-122155006
In base 11, what is -a5a - -9a7a8?
99849
In base 8, what is -3513551 - 323?
-3514074
In base 4, what is -223031130302 - -10?
-223031130232
In base 12, what is -2072831 - 6?
-2072837
In base 11, what is 146 + -33395?
-3324a
In base 12, what is 3 - 488804a?
-4888047
In base 4, what is -10 - -313002233222?
313002233212
In base 3, what is -1012011100200000 + 2?
-1012011100122221
In base 2, what is -10110111011011 + 11010001101?
-10011101001110
In base 11, what is -5187 + 201?
-4a86
In base 10, what is -117 - 136543?
-136660
In base 3, what is 202120 - 2110201221?
-2102222101
In base 16, what is -24f3359a + 3?
-24f33597
In base 9, what is 142408226 + 0?
142408226
In base 4, what is 130103223 - 110320?
123332303
In base 11, what is 353 - -2905?
3158
In base 16, what is -13 + 1cf09a?
1cf087
In base 4, what is -1130010021200 + -10?
-1130010021210
In base 11, what is 5 + 3883918?
3883922
In base 9, what is -16631 - -1064?
-15556
In base 15, what is 2cc - 3164b?
-3136e
In base 9, what is -7126131 - 8?
-7126140
In base 16, what is 1 - -8156356?
8156357
In base 14, what is -8659b - 17?
-865b4
In base 2, what is 11000100110101 + -10110101001?
10101110001100
In base 14, what is 7848889 + -9?
7848880
In base 11, what is a0259 + -157?
a0102
In base 11, what is 240 - -189224?
189464
In base 7, what is 0 - -1663564426?
1663564426
In base 7, what is 2000 - 320400?
-315400
In base 10, what is 15179 - -13123?
28302
In base 15, what is -b2 + -3ec6b7?
-3ec779
In base 2, what is 100 + -100100100111100?
-100100100111000
In base 13, what is -16b + -13b025?
-13b193
In base 2, what is 11001101111 + 101100011011?
1000110001010
In base 12, what is -4 - 30a542b?
-30a5433
In base 6, what is -214253 + 203412?
-10441
In base 6, what is 112 + -413115?
-413003
In base 9, what is 1 + 222457042?
222457043
In base 6, what is 151351041 + 420?
151351501
In base 2, what is 11 + 110001010110110110000000010?
110001010110110110000000101
In base 4, what is -10031 - -21310132120?
21310122023
In base 3, what is 1202120210120001110 - -2?
1202120210120001112
In base 4, what is -13312102222230 + 3?
-13312102222221
In base 2, what is 110010011001000110 - -110011?
110010011001111001
In base 11, what is -14 - 413356?
-41336a
In base 8, what is 21604132422 - 4?
21604132416
In base 10, what is 4 + 1363460?
1363464
In base 11, what is -49356 + 330?
-49026
In base 12, what is 374 + -22228?
-21a74
In base 13, what is 16 - bc8709?
-bc86c3
In base 5, what is -4124320 - -10041?
-4114224
In base 4, what is -102300 + 1203100120?
1202331220
In base 14, what is 1870 - -55a05?
57475
In base 5, what is 10 - 332104022012?
-332104022002
In base 16, what is 7093b10 - -4?
7093b14
In base 15, what is b - -2d425b?
2d4267
In base 3, what is -10 - 10001000222220?
-10001001000000
In base 4, what is -1321 - -320101?
312120
In base 15, what is -46e59b + -5?
-46e5a1
In base 4, what is 3000310321032 - -2?
3000310321100
In base 2, what is -10111111100 - -1101011000000?
1010011000100
In base 5, what is -32011320 - -11?
-32011304
In base 14, what is -ab58 + -92?
-ac0a
In base 9, what is 676874 - -541?
677525
In base 10, what is 0 + 9287094?
9287094
In base 13, what is 127 + -7209?
-70b2
In base 16, what is 6858fc - 4?
6858f8
In base 7, what is 206341 - 124?
206214
In base 15, what is 1c - 1b8e0e4?
-1b8e0c7
In base 9, what is 358 + 102754?
103223
In base 9, what is -3375703 - 126?
-3375830
In base 4, what is -2211111312 + 112110?
-2210333202
In base 9, what is -20103 + -1521?
-21624
In base 9, what is -14767 - -166?
-14601
In base 6, what is -2124323050 + 3?
-2124323043
In base 3, what is 1000002 + -11020200?
-10020121
In base 16, what is 7c + 2e92d?
2e9a9
In base 12, what is -2777ba + -1?
-2777bb
In base 2, what is -1 + -10011010001001000101100?
-10011010001001000101101
In base 9, what is 11200020 - -10?
11200030
In base 7, what is 110006116 - -31?
110006150
In base 8, what is 601 - -1652040?
1652641
In base 14, what is 26 - 6c80c5c?
-6c80c36
In base 12, what is -711055 - -20?
-711035
In base 8, what is -274327 + -1301?
-275630
In base 12, what is 500 + 22b3?
27b3
In base 3, what is 11111210121020 + 12?
11111210121102
In base 15, what is -22e - 1236b8?
-1238e7
In base 13, what is 16aa23c + -2?
16aa23a
In base 13, what is 39860 - 10?
39850
In base 12, what is 4943 - 11a?
4825
In base 12, what is -3 - 13870062?
-13870065
In base 7, what is 210 - 560514?
-560304
In base 14, what is -5 + 2b84115?
2b84110
In base 3, what is -11 + 2010122101210001?
2010122101202220
In base 8, what is 24506 - -2303?
27011
In base 13, what is -3 + -27c8a28?
-27c8a2b
In base 16, what is -6 - -41e64?
41e5e
In base 3, what is -12102102101200 + 222?
-12102102100201
In base 3, what is -10210220 - -1011022?
-2122121
In base 14, what is ab4dd + -47?
ab496
In base 15, what is 9490b + -446?
944b5
In base 14, what is 4d2bb60 + c?
4d2bb6c
In base 5, what is 1311221 - 114040?
1142131
In base 6, what is -2124120025 - -5?
-2124120020
In base 9, what is -58141 + 4068?
-54062
In base 13, what is -11109c - 29?
-1110c8
In base 11, what is a6 + 72033?
72129
In base 16, what is -10fab - -35e?
-10c4d
In base 9, what is -1 + 13880741?
13880740
In base 5, what is 122233043 + 132?
122233230
In base 12, what is -3a4 - -8990?
85a8
In base 16, what is -bbe6 - a5?
-bc8b
In base 9, what is -4102 + -803?
-5005
In base 11, what is -8487 - -291?
-81a6
In base 7, what is -115 + -16520331?
-16520446
In base 16, what is -19 + 5eb42?
5eb29
In base 16, what is -22b + 5bc39?
5ba0e
In base 3, what is 12202 + 12101222002?
12102011211
In base 16, what is -1 + 56e490?
56e48f
In base 14, what is 1750507 - 0?
1750507
In base 7, what is -46655 + 32611?
-14044
In base 13, what is bb + 118?
206
In base 10, what is -4 - -93789700?
93789696
In base 12, what is 167a928 - -6?
167a932
In base 10, what is -8 + 169502777?
169502769
In base 16, what is 5 - -1f709a?
1f709f
In base 4, what is 32001 + 20100113?
20132120
In base 3, what is -1002101022001 - 22?
-1002101022100
In base 6, what is 11534213344 + 3?
11534213351
In base 2, what is 10111 + -100100100010110101?
-100100100010011110
In base 4, what is 3210 - 120233330?
-120230120
In base 14, what is 0 - 71365?
-71365
In base 16, what is -1a21765 + -1?
-1a21766
In base 8, what is 35531 - 4220?
31311
In base 2, what is 1011 + 10010110000110110111010?
10010110000110111000101
In base 13, what is 4 - 133a14c7?
-133a14c3
In base 7, what is -521 - -2026600?
2026046
In base 3, what is 112122101120002 + -2022?
112122101110210
In base 13, what is 6237a4 + 10?
6237b4
In base 4, what is 0 - 2032220012203?
-2032220012203
In base 7, what is 55335 + 50455?
136123
In base 9, what is -246 + 8750513?
8750256
In base 13, what is -3 + -44500b?
-445011
In base 4, what is -1300112011 - -101?
-1300111310
In base 11, what is 550 + -389473?
-388a23
In base 11, what is 4 + 38114207?
38114210
In base 12, what is 10878571 + 3?
10878574
In base 2, what is 11101100001010 - -10010101?
11101110011111
In bas